isor of i and 4887?
27
Let s be (-91)/28 + 1/4. Let l be 2 + (-48)/18 - 1085/s. What is the highest common divisor of l and 19?
19
Let t be -1*51/(2 + -5). Let k(y) = 143*y - 1110. Let b be k(8). What is the greatest common factor of b and t?
17
Let p = 4221 + -940. What is the highest common factor of p and 17?
17
Let r(o) = 13 - 2*o - o + 1 - 3*o. Let u = -31 - -33. Let q be r(u). Calculate the greatest common divisor of 16 and q.
2
Let c be (5 - (4 - 74))*1. Suppose -4*x + c = 15. Calculate the greatest common factor of x and 195.
15
Let w(o) = 6*o + 227. Let n be w(-34). Calculate the highest common divisor of 92 and n.
23
Let v = 1951 - 1870. Calculate the greatest common factor of 1566 and v.
27
Suppose -3*y + 9 = -0. Suppose y*o - o - 3*p = -4, 12 = 5*o - 2*p. Let d be 20 - ((-4)/(-9))/((-20)/(-180)). Calculate the highest common factor of o and d.
4
Let a = -153 - -53. Let h = -176 - a. Let m = -43 - h. Calculate the greatest common divisor of m and 66.
33
Let w be (-12 + (-4730)/(-20) - -10) + (-7)/(-14). Let s(f) = 12*f**3 - f**2 + 2. Let b be s(2). What is the highest common factor of b and w?
47
Let v(o) = -74*o - 55. Let k be v(4). Let b = -312 - k. Calculate the highest common factor of 858 and b.
39
Let v be 3/(27/2) + (-169858)/(-1251). Calculate the highest common factor of 425 and v.
17
Suppose 2*a - 4 = 8. Let n = -12 + 16. Suppose 2*v - n*v + 10 = -4*o, 4*v = o + 34. Calculate the highest common factor of a and v.
3
Let a = -3029 - -3122. What is the greatest common factor of 155 and a?
31
Let w = 199 + 286. Calculate the greatest common factor of 194 and w.
97
Suppose 0 = 14*i - 267 - 195. Let d = 95 + 268. What is the highest common divisor of i and d?
33
Let o(q) = -32*q**3 - q**2 - 2*q - 1. Let r be o(-1). Suppose -18*d = 17*d - 420. Suppose -2095 - 1361 = -d*f. Calculate the highest common factor of f and r.
32
Let d = -309 + 359. Let b(i) = 648*i**2 + i. Let s be b(-1). Let p = -247 + s. Calculate the greatest common factor of p and d.
50
Suppose -63*i = -12*i - 204. Let d = 10 + -8. Calculate the highest common divisor of d and i.
2
Let d be (2/(-5))/((-12)/150) + -1. Suppose 5*a + d = -k + 32, -k + 4 = a. Calculate the greatest common factor of a and 27.
3
Let i be (34/(-4))/((-4)/192). Suppose 2*z - 5*z = -i. Suppose 7*y = 172 + z. Calculate the highest common divisor of 22 and y.
22
Suppose -13*d = -66 + 1314. Let j be (-2)/((d/18)/8). Calculate the highest common divisor of 108 and j.
3
Let f = -431 - -439. Suppose f*c = 21*c - 5434. Suppose 2*v + 3*a = 82, 7*a = -2*v + 2*a + 86. What is the highest common divisor of v and c?
38
Let q = -142 - -146. Let h be (12600/(-55))/(-6) + q/(-22). Let r be ((-95)/3)/((-2)/6). What is the greatest common factor of h and r?
19
Let z(s) = s + 11. Let o be z(-27). Let d(a) = -a - 18. Let k be d(o). Let q be (-1005)/(-12) + 0 + k/(-8). Calculate the highest common factor of 21 and q.
21
Suppose 650*t = 651*t - 1, 5*k = 3*t + 2247. Calculate the greatest common factor of k and 100.
50
Let m be (2 - 2) + (1040/2 - 0). Let y be m/44 + 6/33. Let t(b) = 8*b + 12. Let d be t(y). Calculate the highest common factor of 54 and d.
54
Let b(v) = 218*v + 8. Let o be b(-1). Let d = o - -254. What is the greatest common factor of d and 33?
11
Suppose 18*o - 17*o - 2 = 0. Suppose 0 = o*b - 0*b - 6. Suppose -2*f = 2*f - 180. What is the greatest common divisor of f and b?
3
Let n = -19 + 20. Suppose -3*y + 10 = 2*s, 4*s = -n - 3. Suppose -23 = -l + 4*r, -y*l - 3*r = -95 - 16. Calculate the highest common divisor of 135 and l.
27
Let u = -85 + 335. Suppose -5*t = x - 38, -4*t + 119*x + 28 = 120*x. Calculate the greatest common factor of u and t.
10
Suppose 5*r = -4*t - 299 + 19780, -2*r + 7808 = -t. What is the highest common factor of r and 83?
83
Let y(x) = -2*x - 8 + 33 - 7. Let p be y(8). Suppose 0 = p*g + 176 - 358. Calculate the highest common divisor of 13 and g.
13
Let k = 3264 - 3200. What is the greatest common factor of 52 and k?
4
Suppose 4*l - o = 2268, 2*l + 5*o + 440 = 1596. Calculate the highest common divisor of 3834 and l.
142
Suppose 0 = 4*s + 28*s - 1600. Let z = 14 - 16. Let c be 502/4 - (-1)/z. What is the greatest common divisor of c and s?
25
Let n = 17403 + -15864. Calculate the greatest common divisor of n and 209.
19
Let b(d) = 55*d**3 - 7*d**2 - 22*d + 52. Let u be b(2). What is the highest common divisor of u and 390?
30
Let b(v) = -60*v - 112. Let t be b(-10). Let r = t - 483. Let n = -57 + 102. What is the greatest common factor of r and n?
5
Suppose -118 = -103*j + 44*j. Let z(o) = -o**2 - 7*o - 2. Suppose 5*v + 14 + 1 = 0. Let w be z(v). Calculate the greatest common divisor of j and w.
2
Suppose p - 42 = d, 69 + 101 = 4*p - 5*d. Suppose 5*h = -t, t = 7*h - 5*h + 21. Calculate the greatest common divisor of t and p.
5
Suppose 55*h - 49184 = -18*h + 20*h. What is the greatest common factor of h and 522?
58
Suppose l + 2*u = 3*l - 62, u - 93 = -3*l. Suppose l = k - 2. What is the greatest common divisor of 55 and k?
11
Let b(q) = 4*q**2 - 44*q - 14. Let m be b(18). Suppose -m = 5*z - 7*z. What is the highest common divisor of z and 70?
35
Let b(q) = 26 + 32 - 11 - 9 - 10*q. Let v be b(-5). Calculate the highest common divisor of 8 and v.
8
Let q(z) = 35*z + 218. Let n be q(20). Calculate the highest common divisor of 204 and n.
102
Let g = 46 - 22. Suppose -a + 21 = 4*w - 0*a, 0 = 5*w + 2*a - g. Let i = -23 - -29. What is the greatest common divisor of i and w?
6
Suppose -14*t + 8 = -10*t. Suppose -5*w - 8 = -t*f - 6*w, 3*f - 12 = -3*w. Suppose -f + 14 = g. Calculate the highest common divisor of g and 190.
10
Suppose -835*i - 2545 = -840*i. Let l = -209 + i. What is the highest common factor of 120 and l?
60
Let f = 82 - 58. Let d = 58006 - 57790. What is the greatest common factor of f and d?
24
Let y be ((-28)/8 + 4)*20. Let m be 18*14/y*(-10)/(-3). Let g = m + -72. Calculate the highest common divisor of 36 and g.
12
Let q(z) = -7 + 9 - 7*z + 8 + 17. Let m be q(2). Calculate the greatest common divisor of 13 and m.
13
Let q = 463 - -454. What is the greatest common factor of 393 and q?
131
Let s = 3053 - 1325. What is the greatest common factor of s and 512?
64
Suppose -8*c = -4*c - 132. Suppose -2*a - 3*d + 307 = 0, -a = -6*a + 4*d + 756. Suppose 9*f - 739 = a. Calculate the highest common divisor of c and f.
33
Suppose 9*g + 8 = 71. Let y be -1*g + 262 + 35. What is the greatest common divisor of 20 and y?
10
Let k = -164 - -168. Suppose -6*p = 33 - 93. Let m = p - 2. Calculate the greatest common factor of m and k.
4
Let k = -73 - -90. Suppose 3*w = 2*r + 1369, 4*w - 5*r - 1169 = 647. What is the highest common factor of w and k?
17
Let r = -2 + 1. Let p(f) = -f - 1. Let z(w) = 16*w + 3. Let g(c) = -4*p(c) - 2*z(c). Let t be g(r). Calculate the greatest common divisor of t and 65.
13
Let g = 199 + -196. Let w be 381 - (5 - g - -2). Calculate the greatest common factor of 29 and w.
29
Let w = 12705 - 12392. What is the greatest common divisor of 2 and w?
1
Let v be ((-72)/56 - (-2)/7)/((-66)/1254). What is the highest common factor of 1121 and v?
19
Let o(n) = -n**3 - 8*n**2 + 188*n + 1368. Let b be o(-7). Suppose -p + 46 = w, w + 0*p - 26 = -5*p. What is the greatest common factor of w and b?
3
Let y = 7803 + -13778. Let v be (-1)/2 + (y/2)/(-25). What is the greatest common divisor of v and 153?
17
Suppose 8640 = 94*a + 50*a. Let f(x) = 36*x. Let o be f(3). What is the highest common divisor of a and o?
12
Suppose -48 = -b + 6. Suppose 77*w - 2186 = 10288. What is the greatest common factor of w and b?
54
Let f = -124 - -128. Suppose -3*t - 2*t - 145 = -5*x, 3*t - 53 = -2*x. Calculate the greatest common factor of x and f.
4
Let p(n) = 75*n - 304. Let r be p(8). Calculate the highest common factor of r and 222.
74
Let f = 46 + -62. Let a(r) = -2*r**2 - 40*r - 22. Let p be a(f). Suppose -p = -b + 103. What is the greatest common factor of b and 11?
11
Let n(a) = a**3 - 5*a - 32. Suppose -4*x - 5 = -3*q, -36*x + 31*x + 55 = 5*q. Let u be n(q). What is the greatest common divisor of 345 and u?
69
Let b = 934 + -574. Let j be 298/(-14) - 38/(-133). Let s = 24 - j. What is the highest common divisor of b and s?
45
Let x be -22*(1 - 3)/2. Suppose 2*w - 5*v 